o(s).
9
Let k(h) = -h**2 - h - 7. Let u = 6 - 4. Let l be u/4 + (-1)/2. Give k(l).
-7
Suppose j - 8 = -5. Let c be 1*-1*j/(-3). Let k(a) = 4*a**3 + 2*a - 1. Give k(c).
5
Suppose 3*g = 4*x + 31, 0 = 3*x - g - 2*g + 27. Let c(b) = -2*b - 1. Calculate c(x).
7
Let b(f) = f**3 + 7*f**2 + 6 + 6*f**3 - 6*f**3. Give b(-7).
6
Let s = 6 + -5. Let k(r) be the second derivative of 0*r**2 - 9/20*r**5 - 1/6*r**4 + 3*r + 0 + 1/6*r**3. What is k(s)?
-10
Suppose 4*q - 65 = -s + 4*s, 4*s = -5*q + 58. Suppose -5*z + 16 = -q. Let a(j) = j**2 - 6*j + 1. What is a(z)?
1
Let p(m) = -m**3 - m**2 - m. Let d(l) = 4*l**3 + 10*l**2 + 9*l - 6. Let g(b) = -d(b) - 3*p(b). Give g(-6).
6
Let d(a) = a**3 + 5*a**2 - 6*a + 6. Let g be ((-4)/10)/((-1)/(-15)). Determine d(g).
6
Let j be (8/(-6))/(1/3). Let x = j + 4. Let t(r) be the first derivative of r**2/2 + 2. Give t(x).
0
Let g(c) = -c**3 + 3. Let s = 0 - 1. Let z be (0/s)/(-3) - -5. Suppose 4*f = z*f. Give g(f).
3
Let u(a) = -2*a + 2*a + 6*a + 4 - 5*a. Calculate u(0).
4
Suppose 11 = 4*w + 3. Suppose 3*m - 16 = 5*n, -m + n + 6 = m. Let p(l) = -4*l**2 + l**2 + 3 - 1 + m*l. Determine p(w).
-6
Let y(n) = n**2 + 4*n - 1. Let m be y(-4). Let d(w) = -w. Let v(o) = 2*o + 1. Let j(s) = m*v(s) - 3*d(s). Determine j(5).
4
Let o be (2 - 2) + 7 + -4. Let x(w) be the first derivative of -5/2*w**2 - 1/3*w**3 - 2 + o*w + 1/4*w**4. Give x(3).
6
Suppose 5*w - z = 4*z + 265, w + z = 43. Let x = -23 + w. Let t be (x/(-10))/((-1)/2). Let k(u) = -u**2 + 5*u - 5. What is k(t)?
-5
Let t(q) = -4*q**3 - q**2 - q. Let p(n) = n - 5. Let s(g) = -15 + 0*g + 0*g + 4*g. Let y(o) = 7*p(o) - 2*s(o). Let z be y(-4). Determine t(z).
4
Let y be 3/(-2) - (-5)/(-10). Let g = -7 - y. Let w(r) = -r**3 - 4*r**2 + 5*r - 4. Determine w(g).
-4
Let v be -1 + (0/3 - -2). Let p(n) = -v - n + 0*n + 2*n**2 - n**2. Let y = -2 + 5. Determine p(y).
5
Let f(v) = v**3 + 7*v**2 + 6*v + 2. Let i be (-40)/7 + 4/(-14). Let r be f(i). Let j(s) = r - 4 - 4*s**2 + 3*s**2 + 4*s. Determine j(3).
1
Let l(f) = 5*f**2 + 4*f - 1. Let k(a) = -11*a**2 - 9*a + 2. Let r(t) = 2*k(t) + 5*l(t). What is r(1)?
4
Let n(o) = -3*o + 5. Let x(i) = -4*i + 2*i - 3*i - 1. Suppose 0*p + 2 = 4*m + 2*p, -2*m = 3*p - 7. Let b be x(m). Give n(b).
-7
Let g(s) = -s**3 + s**2 + 3*s - 1. Suppose -2 = -2*f + 2. Give g(f).
1
Let k(a) = a + 4. Let c(p) = -1. Let y(n) = 5*c(n) + k(n). Let g be y(5). Let i(h) = -2*h + 1. Calculate i(g).
-7
Let s = 11 - 3. Let m(d) = 2*d + 3. Determine m(s).
19
Let s(n) = -n - 2. Let h be s(-5). Suppose 5*f - 3*u = -10 + 29, 3*f - 2*u = 12. Let o(d) = f*d + 2 + 0*d - d. Calculate o(h).
5
Let j(p) = 4*p - 16*p + 2 - p**2 + 11*p. Determine j(-3).
-4
Let z(y) = y**3 - 6*y**2 + 3*y - 8. Suppose 2*v = 8*v - 36. What is z(v)?
10
Suppose 1 = -i + 7. Let l(g) = -g + 8. Give l(i).
2
Let m(h) = h - 8. Let g be m(7). Let x(f) = -f**3 - f**2 + f + 1. Give x(g).
0
Let r(j) be the second derivative of j**3 - j**2 + 21*j. Give r(2).
10
Suppose -2*g - 25 = -5*b, -25 = 3*g + g - 5*b. Let i(t) = g*t**2 - 8*t**2 + 7*t**2 - t. Suppose -2*a + 2 = 6. What is i(a)?
-2
Suppose 5*m = 4*m - 4*r + 7, -39 = 3*m - 3*r. Let c be (m/4)/3*4. Let l(o) = o**3 + 2*o**2 - 4*o - 2. Give l(c).
1
Let u(x) be the third derivative of -x**5/60 + 7*x**4/24 + x**3 - 16*x**2. Calculate u(6).
12
Let w(j) = 3*j**3 - 9*j**2 - 3*j - 1. Let o(a) = -8*a**3 + 26*a**2 + 10*a + 4. Let b(y) = -4*o(y) - 11*w(y). Give b(-4).
7
Let b(s) be the second derivative of -s**5/20 + s**4/3 + s**3/3 + 5*s**2/2 + 7*s. Determine b(5).
-10
Let v = -3 + 0. Let s = -2 + v. Let w(t) = -t - 10. Determine w(s).
-5
Let q(r) = r**3 + r**2 + r + 5. Let u be q(0). Let w be u*3*4/30. Let c(n) = n**2 - n. Calculate c(w).
2
Let h(k) = -6*k + 14. Let z(p) = -2*p + 5. Let u(l) = 6*h(l) - 17*z(l). Suppose f + 0*w + 12 = 3*w, 3*f = -2*w - 3. Calculate u(f).
5
Let s(i) = 3*i**3 - 2*i**2 + i. Let g be s(1). Let b be (g - (0 - -2))/1. Let a(o) = -o**3 - o**2 - 6. Give a(b).
-6
Let v = -22 + 22. Suppose -t - t = v. Let r(f) = -f + 7. Give r(t).
7
Let h(c) = -3*c + 5. Let d(s) = -4*s + 6. Let o(u) = -u + 3. Let y be o(-3). Let q(a) = y*d(a) - 7*h(a). Give q(-6).
19
Let d(u) be the third derivative of -u**4/8 + u**3/6 - 25*u**2. What is d(2)?
-5
Let y(b) = b**2 + 2*b - 2. Suppose -3*g - 3*p = -p - 21, 3*g - 3 = 4*p. Suppose -6 = 4*l - 3*l + r, -g*l - 27 = 4*r. What is y(l)?
1
Let k(g) be the first derivative of g**4/4 + 3*g**3 + 4*g**2 - 11*g - 36. What is k(-8)?
-11
Let a(s) = 2*s**2 + 3*s + 1 + 3*s - 3*s. Let f(r) = -r + 3. Let j be f(5). Let z be a(j). Let u(d) = -d - 3. Calculate u(z).
-6
Let o(b) = b**2 - 8*b + 12. Let g be o(6). Let f(l) = -l**2 + 4 + l + 6 + 0*l**2. Determine f(g).
10
Let g(w) = w**3 + 4*w**2 + 3*w - 2. Let h be g(-3). Let z(i) = -2*i - 2. What is z(h)?
2
Let v(l) be the first derivative of l**2/2 + 7*l - 5. Let x be v(-3). Let i(q) = -3*q + 6. Give i(x).
-6
Let v(q) = 3*q**2 + 6*q + 5. Let w(n) = -4*n**2 - 6*n - 7. Let m(c) = 5*v(c) + 4*w(c). Determine m(6).
-3
Let p(t) be the second derivative of t**4/24 - 2*t**3/3 - t**2 + t. Let f(c) be the first derivative of p(c). What is f(4)?
0
Let l(n) = -5*n**3 + n**2 - n + 1. Let y be l(1). Let d = 8 + y. Let v(o) be the first derivative of o**4/4 - o**3 - 5*o**2/2 - 3*o - 11. Give v(d).
-7
Let n(w) = -2*w - 3. Let q = 16 + -21. What is n(q)?
7
Let x(y) = 10*y**3 - 13*y**2 + 10*y - 4. Let q(z) = -3*z**3 + 4*z**2 - 3*z + 1. Let b(d) = 7*q(d) + 2*x(d). Determine b(2).
-3
Let p(l) = l - 4. Let z(a) = -2*a + 9. Let c(f) = 9*p(f) + 4*z(f). Let b(q) = 6*q - 6. Let j(i) = b(i) - 4*c(i). Calculate j(4).
2
Let o(t) = 7*t**2 - 2*t + 4. Let s(a) = 1 - 2 - a**2 + 0*a**2. Let z(y) = o(y) + 6*s(y). Let j(i) be the first derivative of z(i). Calculate j(-3).
-8
Let k(x) be the second derivative of x**4/12 - x**3/3 - 7*x. What is k(2)?
0
Let r(c) = -7*c**2 - 1. Suppose 3*l - 5*a + 3 - 15 = 0, 3*a + 20 = 5*l. Let t = l - 3. Give r(t).
-8
Let l(p) = p**3 - 2*p**2 + 3*p - 1. Let y be l(2). Suppose -5*c = -7 - 13. Let s(i) = i + c - i + i - 2*i. Calculate s(y).
-1
Let f(h) be the third derivative of -1/120*h**6 + 7/6*h**3 + 0*h + 0 - 1/15*h**5 + 7/24*h**4 - 4*h**2. Let z be (-2 - 0) + -1 + -2. Calculate f(z).
-3
Let p(s) = 8*s**2 + 3 - 3*s - 14*s**2 + 7*s**2. Calculate p(2).
1
Suppose 2*f + 2 = 3*f. Let w(s) = s**f - 6*s**2 - s**2. Determine w(1).
-6
Let o = -42 + 28. Let n = -7 - o. Suppose -25 = n*v - 2*v. Let z(g) = g + 12. Calculate z(v).
7
Let p be 4/22 + 225/33. Let f = 9 - p. Suppose -4*v + 4 = -f*v. Let w(z) = z**3 - 3*z**2 + 2*z - 1. What is w(v)?
-1
Let l(z) be the third derivative of -6*z**2 + 0 + 4/3*z**3 + 1/6*z**4 - 1/60*z**5 + 0*z. What is l(6)?
-4
Let t(n) = n**2 + 4*n - 2. Let d be ((-4)/5)/((-17)/(-85)). Calculate t(d).
-2
Let n be (-4)/(-14) - (-84)/49. Let g(p) = -3 + 4*p - 59*p**3 + 7*p**n + 60*p**3 - 3. Give g(-6).
6
Let x(v) = 3*v**2 + 3*v + 3. Let q be x(-2). Let u be (q/6)/(2/4). Let m(w) = -w**2 + 2*w - 1. Calculate m(u).
-4
Let r = 14 + -15. Let j be 6/(-24)*(r + -3). Let v(h) = 8*h**2 + 1. Give v(j).
9
Let g(h) = -8*h + 3. Let u(x) = -9*x + 4. Let d(w) = 6*g(w) - 5*u(w). Give d(-4).
10
Let m(t) = 1. Let o(q) = -q + 3. Let r(k) = -5*m(k) + o(k). Let h be ((-15)/(-2))/5*2. Suppose h*a = -a - 12. Determine r(a).
1
Let b be (21/(-14))/((-2)/4). Let c(g) = -g**2 + 2*g - 4. Calculate c(b).
-7
Let d(n) = 4. Let k(v) = -v + 1. Let i be 37/6 - (-1)/(-6). Let p(x) = 5*x - 6. Let z(f) = i*k(f) + p(f). Let g(w) = -d(w) + 2*z(w). Give g(-3).
2
Let y(u) = -3*u - 3. Let c = 28 + -30. Calculate y(c).
3
Let o(z) = -3*z + 0*z + 4 + 0. Calculate o(4).
-8
Let g(y) = -5 + 1 + 7 + y + 2. Let b(d) = -3*d - 16. Let o(s) = 2*b(s) + 7*g(s). Give o(-4).
-1
Let c(p) be the first derivative of p**3/3 - 4*p**2 + 10*p - 8. Give c(7).
3
Let l(w) = w. Let b(p) = 9*p + 23. Let n be 12/30 + 38/5. Let k(d) = -14*d - 35. Let g(y) = n*b(y) + 5*k(y). Let s be g(-7). What is l(s)?
-5
Let p(h) = -4*h + 3. Let i be p(2). Let w(c) = -c**3 - 4*c**2 + 3*c - 7. Determine w(i).
3
Let v(o) = -o**3 - 6*o**2 + o + 1. Suppose 2*i + 18 = -i. Calculate v(i).
-5
Let d(g) = -5*g**3 + 5*g**2 - 4*g - 2. Let r(z) = 14*z**3 - 15*z**2 + 11*z + 6. Let j(o) = -17*d(o) - 6*r(o). Calculate j(-4).
6
Let s(t) be the second derivative of t**3/6 - 3*t**2/2 - t. Let 